{"id":1788,"date":"2025-09-09T09:21:09","date_gmt":"2025-09-09T09:21:09","guid":{"rendered":"https:\/\/youngique.nl\/?post_type=product&#038;p=1788"},"modified":"2026-01-16T19:31:17","modified_gmt":"2026-01-16T19:31:17","slug":"pokemon-tcg-mega-evolution-phantasmal-flames-me2-elite-trainer-box","status":"publish","type":"product","link":"https:\/\/youngique.nl\/index.php\/product\/pokemon-tcg-mega-evolution-phantasmal-flames-me2-elite-trainer-box\/","title":{"rendered":"Pok\u00e9mon TCG: Mega Evolution Phantasmal Flames ME2 &#8211; Elite Trainer Box"},"content":{"rendered":"<h3 data-start=\"67\" data-end=\"90\"><strong data-start=\"71\" data-end=\"90\">Inhoud:<\/strong><\/h3>\n<ul>\n<li data-start=\"185\" data-end=\"248\">9 Pok\u00e9mon TCG: Mega Evolution Phantasmal Flames ME2 booster packs<\/li>\n<li data-start=\"185\" data-end=\"248\">1 full-art foil promo kaart<\/li>\n<\/ul>\n<h3 data-start=\"67\" data-end=\"90\"><strong data-start=\"71\" data-end=\"90\">Pok\u00e9mon Pok\u00e9mon TCG: Mega Evolution Phantasmal Flames ME2 Booster Pack bevat:<\/strong><\/h3>\n<ul>\n<li>10 Pok\u00e9mon TCG kaarten<\/li>\n<li>1 Basic Energy kaart <strong>OF\u00a0<\/strong>1 codekaart voor Pok\u00e9mon TCG Live<\/li>\n<\/ul>\n<h3 data-start=\"67\" data-end=\"90\"><strong data-start=\"71\" data-end=\"90\">Accessoires:<\/strong><\/h3>\n<ul>\n<li>65 card sleeves<\/li>\n<li>45 Pok\u00e9mon Energiekaarten<\/li>\n<li>Een spelersgids voor de Mega Evolution uitbreiding<\/li>\n<li>6 damage-counter dobbelstenen<\/li>\n<li>1 competitie-legale coin-flip dobbelsteen<\/li>\n<li>2 plastic conditie markers<\/li>\n<li>Een verzamelbox om alles in te bewaren, met 4 verdelers om het georganiseerd te houden<\/li>\n<li>Een codekaart voor Pok\u00e9mon Trading Card Game Live<\/li>\n<\/ul>\n","protected":false},"excerpt":{"rendered":"<p>Searing blue flames rip across a dark battlefield as Mega Charizard X ex soars up and looks down upon its opponents! With a deep chill to rival the heat, the shadowy figure of Mega Gengar ex slowly rises into view, and both Pok\u00e9mon prepare to attack. Determined to prove their mettle, Mega Heracross ex, Mega Lopunny ex, and even more Pok\u00e9mon line up to give it their all in the Pok\u00e9mon TCG: Mega Evolution\u2014Phantasmal Flames expansion!<\/p>\n","protected":false},"featured_media":1789,"comment_status":"open","ping_status":"closed","template":"","meta":[],"product_brand":[],"product_cat":[87,81],"product_tag":[],"class_list":{"0":"post-1788","1":"product","2":"type-product","3":"status-publish","4":"has-post-thumbnail","6":"product_cat-phantasmal-flames","7":"product_cat-pokemon-elite-trainer-boxes","8":"product_shipping_class-dhl-pakket","10":"first","11":"outofstock","12":"taxable","13":"shipping-taxable","14":"purchasable","15":"product-type-simple"},"jetpack_sharing_enabled":true,"_links":{"self":[{"href":"https:\/\/youngique.nl\/index.php\/wp-json\/wp\/v2\/product\/1788","targetHints":{"allow":["GET"]}}],"collection":[{"href":"https:\/\/youngique.nl\/index.php\/wp-json\/wp\/v2\/product"}],"about":[{"href":"https:\/\/youngique.nl\/index.php\/wp-json\/wp\/v2\/types\/product"}],"replies":[{"embeddable":true,"href":"https:\/\/youngique.nl\/index.php\/wp-json\/wp\/v2\/comments?post=1788"}],"wp:featuredmedia":[{"embeddable":true,"href":"https:\/\/youngique.nl\/index.php\/wp-json\/wp\/v2\/media\/1789"}],"wp:attachment":[{"href":"https:\/\/youngique.nl\/index.php\/wp-json\/wp\/v2\/media?parent=1788"}],"wp:term":[{"taxonomy":"product_brand","embeddable":true,"href":"https:\/\/youngique.nl\/index.php\/wp-json\/wp\/v2\/product_brand?post=1788"},{"taxonomy":"product_cat","embeddable":true,"href":"https:\/\/youngique.nl\/index.php\/wp-json\/wp\/v2\/product_cat?post=1788"},{"taxonomy":"product_tag","embeddable":true,"href":"https:\/\/youngique.nl\/index.php\/wp-json\/wp\/v2\/product_tag?post=1788"}],"curies":[{"name":"wp","href":"https:\/\/api.w.org\/{rel}","templated":true}]}}